8 = -x*f. List the prime factors of f.
2, 3, 73
Let x = -3615 + 6227. Suppose -3*f + x = -39*k + 38*k, -f + 879 = -2*k. What are the prime factors of f?
11, 79
Let v(l) = l**2 + 55*l - 5794. What are the prime factors of v(-124)?
2, 1381
Let w be 8/3 - 3 - 1/(-3). Suppose d + l = -w*d + 8, -2*l = 3*d - 22. Suppose -d = -2*f + 34. What are the prime factors of f?
2, 5
Let o = -10 + 16. Suppose o*j = 7*j - 229. Suppose 4*m - 47 = j. What are the prime factors of m?
3, 23
Suppose 3*k - 42903 - 7355 = -5*m, 0 = 3*k - m - 50270. List the prime factors of k.
2, 59, 71
Let v = -4152 + 5280. List the prime factors of v.
2, 3, 47
What are the prime factors of 0 - 1 - (-18386 - 4/(-1))?
3, 11, 557
Let b be 30/(-50) + 3467/(-5). Let l = -221 - b. What are the prime factors of l?
11, 43
Suppose 60*b - 58*b = 5*d - 239827, 0 = -2*b + 8. List the prime factors of d.
3, 59, 271
Suppose 0 = -2*g + 1391 + 347. Suppose -3*b = -7*v + 3*v + g, 0 = -3*v - b + 668. Let a = v + -87. What are the prime factors of a?
2, 67
Suppose 3*v - 2*r = 6493, -5*v + 6*r - 3*r = -10822. What are the prime factors of v?
5, 433
Let r = -5 - -3. Let h be r/(-6) - 22/(-33) - -104. Let d = 189 - h. List the prime factors of d.
2, 3, 7
Let a be 19/1 - (5 + 4 + -8). Let c be (3 + 260/8)*a/(-3). Let b = c + 348. List the prime factors of b.
3, 5
Suppose 0 = 22*c - 15193 - 383. Let f = c - -428. What are the prime factors of f?
2, 71
Let o = -5711 + 2358. What are the prime factors of 14/8 - o/4?
2, 3, 5, 7
Suppose -415 = 3*v + 131. Let r(q) = 3*q**2 + 27*q - 445. Let c be r(-21). Let d = v + c. What are the prime factors of d?
3, 43
Let m = 177 - 150. Suppose -k - 2 = 2*w, 5*k - 5*w = m - 7. List the prime factors of k.
2
Let s = 616 + -612. Suppose -j + 1443 = s*k - 8*k, -4*k = -8. List the prime factors of j.
1451
Let r(w) = 3*w**2 - 7*w + 19. Suppose 32*v = 30*v + 24. What are the prime factors of r(v)?
367
List the prime factors of ((-858)/8 - -12)/((-2)/(40/3)).
5, 127
Let w(i) be the third derivative of i**6/120 + 3*i**5/20 - i**4/4 + i**3 - 10*i**2. Let f be w(-7). List the prime factors of (0/(-2) - -1)/(2/f).
73
Let o(t) = t**3 - 12*t**2 - 27*t - 29. Let g be o(13). Let u = g - -668. List the prime factors of u.
457
Suppose 3*i + 15 = 6*i. Suppose -180 = -5*o - i. Suppose 2*j = -c - 1 + o, -4*j = -16. List the prime factors of c.
2, 13
Let k(x) be the second derivative of x**4/12 - x**3/6 - 77*x**2/2 - 4*x + 9. List the prime factors of k(-15).
163
Let k be (-15)/6 + 2127/6. Suppose -k + 1249 = 13*f. What are the prime factors of f?
3, 23
Suppose 5*h + o = -36 + 128, -28 = -h - 5*o. Let i(v) be the second derivative of v**4/12 - 5*v**3/2 + 17*v**2 - 2*v. What are the prime factors of i(h)?
2, 11
Let c(f) = -5*f**3 + f**2 - 4*f + 2. Let u be c(1). What are the prime factors of 1103 - ((-45)/u + 15/(-6))?
2, 3, 61
What are the prime factors of ((-16223695)/(-45))/17 + (-8)/18?
3, 7069
What are the prime factors of 15948 - ((-4408)/725 - (-7)/((-175)/(-2)))?
2, 3, 2659
Suppose 78717 = 19*u - 276146. List the prime factors of u.
19, 983
Let o = -102 - -130. Suppose -206 - 3238 = -o*v. What are the prime factors of v?
3, 41
Let b(k) = -k**3 - 2*k**2 - 9. Let q(w) = -w**3 - 3*w**2 + 2*w + 3. Let l be q(-3). Let d be b(l). Suppose 2*t - 55 - 31 = d. What are the prime factors of t?
43
Suppose 3*p = s + 140 + 1590, 2*p + 2*s - 1164 = 0. Suppose 2*w - 5*o = -282, 4*w - 4*o = 14 - p. Let m = 198 + w. What are the prime factors of m?
3, 19
Let c be (-2 + -2 + 4 - 0) + 5. Suppose -11 = -q + 2*y - 9, 5*y = -4*q - c. Suppose -2*u + 3*h - 5*h + 186 = q, h = 4. What are the prime factors of u?
89
Suppose 5*o + 0*o - 3*t = 1600, 3*o - 960 = -3*t. Suppose 0 = -2*x - 2*d + o, 2*x - d - 284 - 42 = 0. What are the prime factors of x?
2, 3
Let j(a) = 34*a**2 + 3817*a + 106. List the prime factors of j(-123).
11, 4091
Let m = 16993 + -7745. What are the prime factors of m?
2, 17
Let d(f) = 30 + 38 - f - 22 - 10*f + f. What are the prime factors of d(-11)?
2, 3, 13
Let i(z) = 12569*z - 213. List the prime factors of i(1).
2, 3089
Suppose -12 - 13 = -5*a. Suppose a*i + 6*i - 176 = 0. Suppose i - 32 = -4*h. List the prime factors of h.
2
Suppose -76*b + 27 = -73*b. List the prime factors of (b - 8 - 6/4)*-2984.
2, 373
Let u(t) = 2*t**2 - 1. Let x be u(1). Let h = 5544 + -5569. List the prime factors of (x - -266)/(h/(-10) + -1).
2, 89
Suppose f - 192 = 255. Suppose 0 = -2*u + 115 + f. What are the prime factors of u?
281
Suppose -4*j + 4*v - 2*v + 7884 = 0, j + 3*v - 1964 = 0. Suppose 5*m - j - 10 = 0. What are the prime factors of m?
2, 3, 11
What are the prime factors of (2 + -1 - (70 - 63)) + 42017 + 0?
43, 977
Suppose 5*z + 225 = 4*n, -3*n + z = 2*n - 255. Let k = n + -49. Suppose -5*b + r = -8, -1 = -r + k. What are the prime factors of b?
2
Let q(c) = -c**2 + 6*c - 6. Let h be q(4). Suppose -3*m - 2*j - 61 = -0*m, -45 = h*m - 3*j. What are the prime factors of m/(6*4/(-32))?
2, 7
Let v(y) = 15*y**2 - 77*y + 264. What are the prime factors of v(-36)?
2, 3, 1873
Let s(h) = h**2 + 4*h - 3. Let o be s(-3). Let z(m) = -13*m**2 + 13*m + 2. Let f(t) = 2*t**2 - t. Let y(g) = -6*f(g) - z(g). What are the prime factors of y(o)?
2, 19
Suppose -5*v + 9 = -3*d, -5*v - 4*d = -4*v + 12. What are the prime factors of 2 - (-4 + -170 + v)?
2, 11
List the prime factors of 7519 + 12*(-1)/(-4) + -5.
7517
Let h = 11235 + -4426. What are the prime factors of h?
11, 619
Suppose u = -2*a - 4 + 166, 5*a = -3*u + 481. Let q be (124/2)/(((-168)/18)/(-14)). Suppose u = f - q. List the prime factors of f.
5, 7
Let w(g) = -5*g - 13. Let a be w(4). Suppose 0 = -3*t + 74 + 175. Let j = t + a. What are the prime factors of j?
2, 5
Suppose -8 = 14*f - 16*f. Suppose -3*v - i = -13, -2*v + 7*i - 6 = f*i. List the prime factors of -3 - (3 - 1/v)*-3.
5
Let z be 4 + -3 + (-2 - -27). Let f(b) = -b**3 + 25*b**2 + 41*b - 78. What are the prime factors of f(z)?
2, 3, 13
What are the prime factors of 195/(3/62 + 0)?
2, 5, 13, 31
Let h(m) = -5191*m + 1699. What are the prime factors of h(-5)?
2, 3, 11, 419
Suppose -33*b + 55*b - 9526 = 0. Let f = 196 + b. What are the prime factors of f?
17, 37
Let p(t) = 370*t**3 - 13*t**2 + 77*t - 22. List the prime factors of p(4).
2, 7, 1697
Let c(l) = 130*l**2 - 3. Let u(x) = -261*x**2 - x + 7. Let w(z) = 5*c(z) + 2*u(z). Let b be (-6)/((-588)/(-119)) - (-21)/98. List the prime factors of w(b).
3, 43
Let t be 1/(4 - 3)*2. Suppose 2*d + 4 = -0*d + t*i, 11 = 2*d + i. Suppose -30 - d = -a. What are the prime factors of a?
3, 11
Suppose -38*z + 35661 = -39351. Let m = 3740 - z. List the prime factors of m.
2, 883
Suppose 3*o = o - s + 2969, -2*o + 5*s + 2951 = 0. Suppose 7*u - o - 1324 = 0. List the prime factors of u.
401
Suppose -5*f - 4*z + 2*z + 39423 = 0, -4*f + 3*z + 31543 = 0. List the prime factors of f.
5, 19, 83
Suppose -4*b = -4, -b - 2 - 5 = -k. List the prime factors of (-4)/(32/(-12)) + 4172/k.
523
Suppose 3*n - 261 - 57 = 0. Let w = n - 78. List the prime factors of w.
2, 7
Let o = 33 - -441. Let p = 988 - o. List the prime factors of p.
2, 257
Let n(s) = 2*s**2 + 47*s - 44. Suppose x - 3*m = 25, -x = 10*m - 8*m - 15. List the prime factors of n(x).
1571
Let v be -7 - (-14)/2 - 3728. Let n = -2624 - v. What are the prime factors of n?
2, 3, 23
What are the prime factors of (-48538)/((-112)/16) + ((-6)/2 - -2)?
3, 2311
Let x = -393 - -399. Suppose x*r - 1285 = r. What are the prime factors of r?
257
Let n(c) = 5*c - 43. Let h be n(9). What are the prime factors of (-96)/h*(3 - (-62)/(-6))?
2, 11
Let n = 50 - 44. Let p be 4/n*(2 - (-3 - 1)). What are the prime factors of 1/(-3)*((-4)/p - 41)?
2, 7
Let p = 125 - 31. Suppose -4*d = -5*y + 1610, 5*d - p = 3*y - 1047. What are the prime factors of y?
2, 163
Let v = -22675 - -32195. What are the prime factors of v?
2, 5, 7, 17
Suppose -17*n + 2774 = -16*n + z, 11061 = 4*n - 3*z. List the prime factors of n.
3, 13, 71
Let b = 31930 + -18423. What are the prime factors of b?
13, 1039
Let b(g) = -11*g**2 - 6 + 12*g**2 + 4*g**2. Let i be b(-5). Suppose -4*s - 5*p = -i, -s + 6*s = 3*p + 195. What are the prime factors of s?
2, 3
Suppose -8 = -4*y + 2*y. Suppose -5*j = -0 + 5. List the prime factors of 15/(-12) - j - (-301)/y.
3, 5
Let i be ((-4144)/24